[INFO] cloning repository https://github.com/TrionProg/server_game
[INFO] running `Command { std: "git" "-c" "credential.helper=" "-c" "credential.helper=/workspace/cargo-home/bin/git-credential-null" "clone" "--bare" "https://github.com/TrionProg/server_game" "/workspace/cache/git-repos/https%3A%2F%2Fgithub.com%2FTrionProg%2Fserver_game", kill_on_drop: false }`
[INFO] [stderr] Cloning into bare repository '/workspace/cache/git-repos/https%3A%2F%2Fgithub.com%2FTrionProg%2Fserver_game'...
[INFO] running `Command { std: "git" "rev-parse" "HEAD", kill_on_drop: false }`
[INFO] [stdout] 74901d199416596c98446cd303ec5d5d8b173d53
[INFO] checking TrionProg/server_game against 40527f3e444fde1deb361751bdef9b9e11d1b971+rustflags=--cfg crater_hack --force-warn invalid-c-variadic-arguments for pr-162478
[INFO] running `Command { std: "git" "clone" "/workspace/cache/git-repos/https%3A%2F%2Fgithub.com%2FTrionProg%2Fserver_game" "/workspace/builds/worker-6-tc2/source", kill_on_drop: false }`
[INFO] [stderr] Cloning into '/workspace/builds/worker-6-tc2/source'...
[INFO] [stderr] done.
[INFO] started tweaking git repo https://github.com/TrionProg/server_game
[INFO] finished tweaking git repo https://github.com/TrionProg/server_game
[INFO] tweaked toml for git repo https://github.com/TrionProg/server_game written to /workspace/builds/worker-6-tc2/source/Cargo.toml
[INFO] validating manifest of git repo https://github.com/TrionProg/server_game on toolchain 40527f3e444fde1deb361751bdef9b9e11d1b971
[INFO] running `Command { std: CARGO_HOME="/workspace/cargo-home" RUSTUP_HOME="/workspace/rustup-home" "/workspace/cargo-home/bin/cargo" "+40527f3e444fde1deb361751bdef9b9e11d1b971" "metadata" "--manifest-path" "Cargo.toml" "--no-deps", kill_on_drop: false }`
[INFO] crate git repo https://github.com/TrionProg/server_game already has a lockfile, it will not be regenerated
[INFO] running `Command { std: CARGO_HOME="/workspace/cargo-home" RUSTUP_HOME="/workspace/rustup-home" "/workspace/cargo-home/bin/cargo" "+40527f3e444fde1deb361751bdef9b9e11d1b971" "fetch" "--manifest-path" "Cargo.toml", kill_on_drop: false }`
[INFO] [stderr] warning: Cargo.toml: `package.edition` is unspecified, defaulting to `2015` while the latest is `2024`
[INFO] [stderr] warning: binary `server_game` should have a kebab-case name
[INFO] [stderr]    |
[INFO] [stderr]  1 | /workspace/builds/worker-6-tc2/source/target/.../server_game
[INFO] [stderr]    |                                                  ^^^^^^^^^^^
[INFO] [stderr]    |
[INFO] [stderr]    = note: `cargo::non_kebab_case_bins` is set to `warn` by default
[INFO] [stderr] help: to change the binary name to `server-game`, convert `package.name`
[INFO] [stderr]   --> Cargo.toml:13:8
[INFO] [stderr]    |
[INFO] [stderr] 13 - name = "server_game"
[INFO] [stderr] 13 + name = "server-game"
[INFO] [stderr]    |
[INFO] [stderr] help: to change the binary name to `server-game`, specify `bin.name`
[INFO] [stderr]   --> Cargo.toml:14:19
[INFO] [stderr]    |
[INFO] [stderr] 14 ~ version = "0.1.0"
[INFO] [stderr] 15 + [[bin]]
[INFO] [stderr] 16 + name = "server-game"
[INFO] [stderr] 17 + path = "src/main.rs"
[INFO] [stderr]    |
[INFO] [stderr] warning: `server_game` (manifest) generated 2 warnings
[INFO] [stderr]     Blocking waiting for file lock on package cache
[INFO] [stderr]     Updating crates.io index
[INFO] [stderr]     Blocking waiting for file lock on package cache
[ERROR] error running command: no output for 300 seconds
[INFO] checking TrionProg/server_game against 40527f3e444fde1deb361751bdef9b9e11d1b971+rustflags=--cfg crater_hack --force-warn invalid-c-variadic-arguments for pr-162478
[INFO] running `Command { std: "git" "clone" "/workspace/cache/git-repos/https%3A%2F%2Fgithub.com%2FTrionProg%2Fserver_game" "/workspace/builds/worker-6-tc2/source", kill_on_drop: false }`
[INFO] [stderr] Cloning into '/workspace/builds/worker-6-tc2/source'...
[INFO] [stderr] done.
[INFO] started tweaking git repo https://github.com/TrionProg/server_game
[INFO] finished tweaking git repo https://github.com/TrionProg/server_game
[INFO] tweaked toml for git repo https://github.com/TrionProg/server_game written to /workspace/builds/worker-6-tc2/source/Cargo.toml
[INFO] validating manifest of git repo https://github.com/TrionProg/server_game on toolchain 40527f3e444fde1deb361751bdef9b9e11d1b971
[INFO] running `Command { std: CARGO_HOME="/workspace/cargo-home" RUSTUP_HOME="/workspace/rustup-home" "/workspace/cargo-home/bin/cargo" "+40527f3e444fde1deb361751bdef9b9e11d1b971" "metadata" "--manifest-path" "Cargo.toml" "--no-deps", kill_on_drop: false }`
[INFO] crate git repo https://github.com/TrionProg/server_game already has a lockfile, it will not be regenerated
[INFO] running `Command { std: CARGO_HOME="/workspace/cargo-home" RUSTUP_HOME="/workspace/rustup-home" "/workspace/cargo-home/bin/cargo" "+40527f3e444fde1deb361751bdef9b9e11d1b971" "fetch" "--manifest-path" "Cargo.toml", kill_on_drop: false }`
[INFO] [stderr] warning: Cargo.toml: `package.edition` is unspecified, defaulting to `2015` while the latest is `2024`
[INFO] [stderr] warning: binary `server_game` should have a kebab-case name
[INFO] [stderr]    |
[INFO] [stderr]  1 | /workspace/builds/worker-6-tc2/source/target/.../server_game
[INFO] [stderr]    |                                                  ^^^^^^^^^^^
[INFO] [stderr]    |
[INFO] [stderr]    = note: `cargo::non_kebab_case_bins` is set to `warn` by default
[INFO] [stderr] help: to change the binary name to `server-game`, convert `package.name`
[INFO] [stderr]   --> Cargo.toml:13:8
[INFO] [stderr]    |
[INFO] [stderr] 13 - name = "server_game"
[INFO] [stderr] 13 + name = "server-game"
[INFO] [stderr]    |
[INFO] [stderr] help: to change the binary name to `server-game`, specify `bin.name`
[INFO] [stderr]   --> Cargo.toml:14:19
[INFO] [stderr]    |
[INFO] [stderr] 14 ~ version = "0.1.0"
[INFO] [stderr] 15 + [[bin]]
[INFO] [stderr] 16 + name = "server-game"
[INFO] [stderr] 17 + path = "src/main.rs"
[INFO] [stderr]    |
[INFO] [stderr] warning: `server_game` (manifest) generated 2 warnings
[INFO] [stderr]     Blocking waiting for file lock on package cache
[INFO] [stderr]     Blocking waiting for file lock on package cache
[INFO] [stderr]     Blocking waiting for file lock on package cache
[INFO] [stderr]  Downloading crates ...
[INFO] [stderr]   Downloaded zip v0.1.18
[INFO] [stderr]   Downloaded podio v0.1.5
[INFO] [stderr]   Downloaded libc v0.2.15
[INFO] [stderr]   Downloaded bzip2 v0.3.0
[INFO] [stderr]   Downloaded cfg-if v0.1.0
[INFO] [stderr]   Downloaded lazycell v0.4.0
[INFO] [stderr]   Downloaded msdos_time v0.1.4
[INFO] [stderr]   Downloaded nanomsg-sys v0.6.0
[INFO] [stderr]   Downloaded mio v0.6.0
[INFO] [stderr]   Downloaded gcc v0.3.35
[INFO] [stderr]   Downloaded net2 v0.2.26
[INFO] [stderr]   Downloaded byteorder v0.5.3
[INFO] [stderr]   Downloaded num-traits v0.1.35
[INFO] [stderr]   Downloaded nix v0.6.0
[INFO] [stderr]   Downloaded miow v0.1.3
[INFO] [stderr]   Downloaded serde v0.8.9
[INFO] [stderr]   Downloaded miniz-sys v0.1.7
[INFO] [stderr]   Downloaded bincode v0.6.0
[INFO] [stderr]   Downloaded bzip2-sys v0.1.4
[INFO] [stderr]   Downloaded flate2 v0.2.14
[INFO] [stderr]   Downloaded nanomsg v0.6.0
[INFO] running `Command { std: "docker" "create" "-v" "/var/lib/crater-agent-workspace/builds/worker-6-tc2/source:/opt/rustwide/workdir:ro,Z" "-v" "/var/lib/crater-agent-workspace/builds/worker-6-tc2/target:/opt/rustwide/target:rw,Z" "-v" "/var/lib/crater-agent-workspace/cargo-home:/opt/rustwide/cargo-home:ro,Z" "-v" "/var/lib/crater-agent-workspace/rustup-home:/opt/rustwide/rustup-home:ro,Z" "-m" "1610612736" "--network" "none" "ghcr.io/rust-lang/crates-build-env/linux@sha256:8683fc1fc2eb5c9ac98e0d076ab094b2ffac7f99da555d2b6a2e27f346de2ec7" "sleep" "infinity", kill_on_drop: false }`
[INFO] [stdout] 054f083d525864717c7d0895fb2044621ce418efadf061b1b7d9eb9175c43313
[INFO] running `Command { std: "docker" "start" "054f083d525864717c7d0895fb2044621ce418efadf061b1b7d9eb9175c43313", kill_on_drop: false }`
[INFO] running `Command { std: "docker" "inspect" "054f083d525864717c7d0895fb2044621ce418efadf061b1b7d9eb9175c43313", kill_on_drop: false }`
[INFO] running `Command { std: "docker" "exec" "-e" "SOURCE_DIR=/opt/rustwide/workdir" "-e" "CARGO_HOME=/opt/rustwide/cargo-home" "-e" "RUSTUP_HOME=/opt/rustwide/rustup-home" "-e" "CARGO_TARGET_DIR=/opt/rustwide/target" "-w" "/opt/rustwide/workdir" "--user" "0:0" "054f083d525864717c7d0895fb2044621ce418efadf061b1b7d9eb9175c43313" "/opt/rustwide/cargo-home/bin/cargo" "+40527f3e444fde1deb361751bdef9b9e11d1b971" "metadata" "--no-deps" "--format-version=1", kill_on_drop: false }`
[INFO] running `Command { std: "docker" "inspect" "054f083d525864717c7d0895fb2044621ce418efadf061b1b7d9eb9175c43313", kill_on_drop: false }`
[INFO] running `Command { std: "docker" "exec" "-e" "SOURCE_DIR=/opt/rustwide/workdir" "-e" "CARGO_HOME=/opt/rustwide/cargo-home" "-e" "RUSTUP_HOME=/opt/rustwide/rustup-home" "-e" "CARGO_TARGET_DIR=/opt/rustwide/target" "-e" "CARGO_INCREMENTAL=0" "-e" "RUST_BACKTRACE=full" "-e" "RUSTFLAGS=--cap-lints=forbid --cfg crater_hack --force-warn invalid-c-variadic-arguments" "-e" "RUSTDOCFLAGS=--cap-lints=forbid" "-w" "/opt/rustwide/workdir" "--user" "0:0" "054f083d525864717c7d0895fb2044621ce418efadf061b1b7d9eb9175c43313" "/opt/rustwide/cargo-home/bin/cargo" "+40527f3e444fde1deb361751bdef9b9e11d1b971" "check" "--frozen" "--all" "--all-targets" "--message-format=json", kill_on_drop: false }`
[INFO] [stderr] warning: Cargo.toml: `package.edition` is unspecified, defaulting to `2015` while the latest is `2024`
[INFO] [stderr] warning: binary `server_game` should have a kebab-case name
[INFO] [stderr]    |
[INFO] [stderr]  1 | /opt/rustwide/target/.../server_game
[INFO] [stderr]    |                          ^^^^^^^^^^^
[INFO] [stderr]    |
[INFO] [stderr]    = note: `cargo::non_kebab_case_bins` is set to `warn` by default
[INFO] [stderr] help: to change the binary name to `server-game`, convert `package.name`
[INFO] [stderr]   --> Cargo.toml:13:8
[INFO] [stderr]    |
[INFO] [stderr] 13 - name = "server_game"
[INFO] [stderr] 13 + name = "server-game"
[INFO] [stderr]    |
[INFO] [stderr] help: to change the binary name to `server-game`, specify `bin.name`
[INFO] [stderr]   --> Cargo.toml:14:19
[INFO] [stderr]    |
[INFO] [stderr] 14 ~ version = "0.1.0"
[INFO] [stderr] 15 + [[bin]]
[INFO] [stderr] 16 + name = "server-game"
[INFO] [stderr] 17 + path = "src/main.rs"
[INFO] [stderr]    |
[INFO] [stderr] warning: `server_game` (manifest) generated 2 warnings
[INFO] [stderr]     Checking libc v0.2.15
[INFO] [stderr]    Compiling gcc v0.3.35
[INFO] [stderr]    Compiling winapi-build v0.1.1
[INFO] [stderr]    Compiling semver v0.1.20
[INFO] [stderr]     Checking winapi v0.2.8
[INFO] [stderr]    Compiling nanomsg-sys v0.6.0
[INFO] [stderr]     Checking cfg-if v0.1.0
[INFO] [stderr]     Checking bitflags v0.4.0
[INFO] [stderr]     Checking lazycell v0.4.0
[INFO] [stderr]     Checking byteorder v0.5.3
[INFO] [stderr]     Checking log v0.3.6
[INFO] [stderr]     Checking num-traits v0.1.35
[INFO] [stderr]     Checking rustc-serialize v0.3.19
[INFO] [stderr]     Checking slab v0.3.0
[INFO] [stderr]     Checking serde v0.8.9
[INFO] [stderr]     Checking podio v0.1.5
[INFO] [stderr]    Compiling kernel32-sys v0.2.2
[INFO] [stdout] error[E0642]: patterns aren't allowed in functions without bodies
[INFO] [stdout]    --> /opt/rustwide/cargo-home/registry/src/index.crates.io-1949cf8c6b5b557f/rustc-serialize-0.3.19/src/serialize.rs:147:45
[INFO] [stdout]     |
[INFO] [stdout] 147 | ...                   &f_name: &str,
[INFO] [stdout]     |                       ^^^^^^^ pattern not allowed in function without body
[INFO] [stdout] 
[INFO] [stdout] 
[INFO] [stderr]     Checking net2 v0.2.26
[INFO] [stderr]    Compiling rustc_version v0.1.7
[INFO] [stderr]     Checking nanomsg v0.6.0
[INFO] [stderr]     Checking time v0.1.35
[INFO] [stdout] error[E0310]: the parameter type `T` may not live long enough
[INFO] [stdout]    --> /opt/rustwide/cargo-home/registry/src/index.crates.io-1949cf8c6b5b557f/rustc-serialize-0.3.19/src/serialize.rs:454:5
[INFO] [stdout]     |
[INFO] [stdout] 454 |     fn decode<D: Decoder>(d: &mut D) -> Result<Cow<'static, T>, D::Error> {
[INFO] [stdout]     |     ^^^^^^^^^^^^^^^^^^^^^^^^^^^^^^^^^^^^^^^^^^^^^^^^^^^^^^^^^^^^^^^^^^^^^
[INFO] [stdout]     |     |
[INFO] [stdout]     |     the parameter type `T` must be valid for the static lifetime...
[INFO] [stdout]     |     ...so that the type `T` will meet its required lifetime bounds
[INFO] [stdout]     |
[INFO] [stdout] help: consider adding an explicit lifetime bound
[INFO] [stdout]     |
[INFO] [stdout] 450 | impl<'a, T: ?Sized + 'static> Decodable for Cow<'a, T>
[INFO] [stdout]     |                    +++++++++
[INFO] [stdout] 
[INFO] [stdout] 
[INFO] [stderr]    Compiling nix v0.6.0
[INFO] [stderr]    Compiling bzip2-sys v0.1.4
[INFO] [stderr]    Compiling miniz-sys v0.1.7
[INFO] [stderr]     Checking msdos_time v0.1.4
[INFO] [stderr]     Checking bzip2 v0.3.0
[INFO] [stderr]     Checking flate2 v0.2.14
[INFO] [stderr]     Checking zip v0.1.18
[INFO] [stdout] Some errors have detailed explanations: E0310, E0642.
[INFO] [stdout] 
[INFO] [stdout] For more information about an error, try `rustc --explain E0310`.
[INFO] [stdout] 
[INFO] [stderr] error: could not compile `rustc-serialize` (lib) due to 2 previous errors
[INFO] [stderr] warning: build failed, waiting for other jobs to finish...
[INFO] running `Command { std: "docker" "inspect" "054f083d525864717c7d0895fb2044621ce418efadf061b1b7d9eb9175c43313", kill_on_drop: false }`
[INFO] running `Command { std: "docker" "rm" "-f" "054f083d525864717c7d0895fb2044621ce418efadf061b1b7d9eb9175c43313", kill_on_drop: false }`
[INFO] [stdout] 054f083d525864717c7d0895fb2044621ce418efadf061b1b7d9eb9175c43313
